 + -5?
-31
What is 0 + 2 + 33 + (-13 - 11) + (2 - -8)?
21
Evaluate -82 + (20 - (-1 + 4)).
-65
Evaluate (-70 - 1) + 164 + -140.
-47
Calculate (-240 - (-159 - -58)) + 54.
-85
Calculate (83 - (105 + -39)) + (21 - -6).
44
8 + (5 - 13 - -7 - (9 + -7)) - -21
26
Calculate 5 + -16 + 0 + (4 - 0) - -87.
80
What is (-3 - 6 - 0) + 2 + (7 - 15 - -71)?
56
Evaluate 70 + (-288 + 298 + (-20 - (-3 - -1)) - -5).
67
What is -68 - (31 - (22 - -58))?
-19
Calculate (-2052 - -2099) + (-2 - -5).
50
2 - -121 - (1079 - 1018)
62
Calculate (-1 - -9 - 25 - -29) + 34 + 1.
47
37 + -62 + (1 - 8) + 12 + (3 - 3)
-20
Evaluate -1 + 6 + -62 + 289 + -150.
82
288 + (-466 - -200) + 13 + -1
34
Calculate -5 - (1 + 11 + -9 + -3 + 6 + -9).
-2
-13 + -1 + -1 + 1 - (116 - -4 - 2)
-132
Calculate (5 - (25 + -19)) + 2 + (2 - -146).
149
What is -108 - (-81 - 71 - -113)?
-69
Calculate -1 + -19 + -1 + (874 - 860) - 13.
-20
What is the value of -23 - (6 - (81 + -6)) - 1?
45
What is the value of 12 + (-114 - (26 - -3)) + 3 + -9?
-137
Calculate 1 - (1 - 89) - (29 - 12).
72
Evaluate -12 - ((23 - (-10 - -38)) + (-1 - 56)).
50
What is the value of 1 + (5 - (-8 - -15)) + -5 - (36 + -33)?
-9
What is the value of 78 - (10 - -30 - -29)?
9
What is the value of (51 - 78) + -32 + 7 + 13?
-39
(-6 - (66 + 1 + -14)) + 6 + 3 + -8
-58
What is (-6 + 0 - -5) + -3 + 7 + -88 + 120?
35
What is the value of -9 - (-6 + 85 - (30 + 7))?
-51
What is -53 + 7 + (-23 - (-4 - 15))?
-50
What is -124 - (-108 - (50 - 107))?
-73
What is 178 + -75 + -65 + -73?
-35
Calculate (-15 - (4 + -10) - (-11 - -1)) + 2 + -43.
-40
Calculate -4 + 38 + 21 + -43 + 129.
141
What is the value of (3 - 2 - 5) + (-60 - -50)?
-14
Evaluate (-7 - (10 + (6 - 9) - 8)) + 7 - -35.
36
Evaluate (-1 - 125) + (-334 - 66) + 443.
-83
-12 + (-13 - -17) - (-26 + 116 - -4)
-102
What is the value of 7 - (7 - -6) - ((-24 - -22) + 18)?
-22
What is the value of (-133 - ((18 - 33) + 43)) + 36?
-125
Calculate 37 - (-4 + -2 + 3 - ((16 - -24) + -39)).
41
What is (-7 - -18) + (-27 - 28)?
-44
What is -132 + (7 - 46) + 87?
-84
29 + (21 - 43) + (41 - (6 - (3 - 0)))
45
52 + -81 + (7 + 6 - -1)
-15
Calculate -62 + -2 + 0 + 3 + 1 + -313 + 308.
-65
What is (-12 - -18 - 1) + (-11 + -51 - -2) + -14?
-69
What is the value of (-3 + 2 - -9 - (-721 + 724)) + 15?
20
Calculate (726 - 708) + -1 + 3.
20
Calculate (92 - -1) + (10 - 8 - 21) + -8 + 14.
80
Evaluate -858 + 909 + (-68 - 0).
-17
What is the value of (16 - 8) + (1 - 143 - (18 + -21))?
-131
Calculate 7 + (-12 + -3 - -5) + (-3 + 3 - -44).
41
0 + -1 + 31 - (17089 + -17086)
27
What is the value of 35 + 11 + 66 + -65?
47
Calculate 1 - 17 - (-74 + (-34 - -14)).
78
What is the value of -9 + -1 + (12 - 15 - -14) - -29?
30
Evaluate -47 + -1 - (-21 - 38 - -53).
-42
-76 + -14 - -80 - (2 + 12 + -2)
-22
101 + (-49 - 5) + -40
7
(132 - 130) + -22 + (-2 - -6)
-16
-50 - ((0 - 15) + -1 + (17 - (16 - 8)))
-43
Calculate 62 - (68 + -91 + 201).
-116
Calculate 1 + -3 - -111 - (68 + -204 - -142).
103
Calculate -8 + -19 + -3 - (11 + (-15 - 8)).
-18
(-78 - -35) + (78 - 1)
34
Evaluate (-524 - -520) + (16 - 0) + -1 + (22 - 132).
-99
What is the value of 0 + -38 + (-11 - (0 + -16 - -20))?
-53
Evaluate 32 + 4 + (-22 - 16).
-2
What is the value of 3 + (0 - 2) + 4 - (153 + (146 - 186))?
-108
What is the value of 60 + (-90 - -24) - (-3 + 9 - (1 - 3))?
-14
What is the value of -3 + -5 + (9 - 4) + (-6 - -14) - -32?
37
What is -43 - ((120 - 26) + -59)?
-78
8 - 9 - ((15 - 23) + 17 + 2 + 1)
-13
(-8 - -1) + 7 + -40 + 41 - -25
26
51 + (-110 - -27) + -66
-98
What is the value of (-21 - (-51 + 10)) + (-11 - -1) - -128?
138
What is 18 + (1 - 0) + 25 + -110?
-66
Calculate (-45 - -74) + 39 + (-8 - (0 - -1)).
59
Calculate (4 - (0 + -1)) + 89 + (23 - 33).
84
What is -8 + -20 + 5 + 3 + 11?
-9
What is (28 - 66 - -22) + 37 - 20?
1
(9 - (16 - 27)) + -18 + 0 + -1 - 70
-69
4 - (2 + -13) - (-364 + 383)
-4
-8 + (2 + -9 - (-258 + 273) - -141)
111
(-20 - (-92 - -73)) + (110 + -1 - -3)
111
Evaluate 140 - ((63 - 67) + 103).
41
14 + -1 + -50 + 1
-36
37 - (23 - (23 - (38 + -23)))
22
Evaluate 21 - 0 - (-12 - (60 + -88)).
5
(5 - -5) + -37 + -56 + 51
-32
What is 34 + (-4 - 17) + -53?
-40
390 + -151 + -133 + -103
3
Calculate 47 + -73 + 28 + -32.
-30
-9 + -3 + (109 - 112) - (0 - -7 - 4)
-18
What is -44 + 25 + 26 + -61?
-54
Evaluate (-974 - -815) + (11 - -77).
-71
Evaluate -33 + (21 - (23 - (-14 - 2))).
-51
What is the value of (1349 - 1332 - (-1 - 10)) + -24?
4
Calculate (-4 - (-12 + -1)) + 1 + -7 - (-1 - 4).
8
1607 - 1599 - (-16 + -2)
26
-4 - ((-13 - -63) + -33 - (-1 - -7))
-15
Calculate (-6 - -20) + 132 + -226.
-80
What is 108 - ((-3 - (22 - 41)) + -43)?
135
What is 38 + -4 + -152 - (-3 - (-2 + 3 + 8))?
-106
53 + -31 + 67 + -43
46
What is the value of (-8 - 29) + (-17 - (-29 - 16))?
-9
Evaluate -13 + -142 + 23 + 16 + 21.
-95
Evaluate -1 - -52 - ((7 - (36 + -3)) + 29).
48
330 + -332 - (-2 + 3 + 57 + 1 + 2)
-63
What is the value of 3 + -49 + (11 - -2) + 10 + -3 + -19?
-45
-3 - (-6 - 15 - (-23 - (102 - 16)))
-91
Evaluate 79 - (0 + (-2 - -27) - (-72 + 83)).
65
Calculate 56 + (-7 + 15 + -2 + -1 - 7) + 5.
59
Calculate -7 - -3 - ((51 + -13 - 0) + 37).
-79
Calculate 6 + (78 + -69 + (-51 - -1) - 9) + 5.
-39
(22 - (-2 - 10)) + -58 + -68
-92
49 - (96 + -2 - 50)
5
Evaluate 265 + -706 - -401 - ((-1 - -1) + -20).
-20
-10 + 2 + (-117 - (-2 + -8) - -2)
-113
Evaluate -45 + 1 + (-3225 - -3227).
-42
(1 - (-2 + 2)) + (-8 + 2 + -3 - -17)
9
Evaluate -10 - -41 - (29 + -38 - 6).
46
What is -50 + -71 + 34 + 28?
-59
65 + -97 + -67 + 131
32
Evaluate -7 - (6 + -6) - (5 + 16 + -19).
-9
Calculate 46 + (-41 - (-41 - -3)).
43
What is (-320 - -297 - (-51 - -1)) + -59?
-32
(1 - (-12 - (-6 + (21 - -9)))) + -5
32
Evaluate (-16 + 4 - 6) + -20 + 31 + -1.
-8
What is 223 - 216 - (-28 + 3)?
32
What is -14 + (44 - -61 - 48)?
43
-19 + 40 + 6 - (-1 + 95)
-67
Evaluate 11 - (-60 + 55 - (0 + -3)) - 4.
9
Calculate 1 + -3 - (63 + (-90 - -47)).
-22
What is the value of (29 - 36) + 18 + -12 + -8?
-9
What is 1 + -13 - ((-10 + 16 - 42) + 19 + 75)?
-70
-8 - ((-10 - (22 + -51)) + -21)
-6
-46 + 36 + -8 - -66
48
Calculate (3 - -1 - 12 - (-34 + 11)) + -95.
-80
What is -4 + -32 - ((9 - 121) + 94)?
-18
(19 + -18 - 34) + 24
-9
What is the value of (2 - (-1 + -26)) + -32 + 18 - 109?
-94
What is the value of 92 - (-29 + 141) - 56?
-76
Calculate -38 + 89 + -81 - -47.
17
What is 8 - ((6 - (-6 - -8)) + (0 + 0 - 17))?
21
730 - 709 - (5 - (1 - (0 - 0)))
17
Evaluate (-5 - -7) + -2 - (18 - 28 - -20).
-10
2 + -1 + (-25 + -1 - (68 + -115 - -26))
-4
132 + -74 + -17 + -64
-23
What is (21 + -39 - -18) + 3?
3
-40 - (-32 - 7 - -11)
-12
What is 45 + -26 - (7 + 6 + -13)?
19
Calculate (-4 - (-66 + (-4 - -8) + -6) - -5) + -1.
68
What is (6 - 20) + 10 + (-19 + 16 - 82)?
-89
Evaluate (-49 - (-22 + 3)) + 17.
-13
What is 3 + -66 + 39 - (0 + -27)?
3
Evaluate 0 - -12 - (-4315 + 4390).
-63
Calculate 28 - (-8 - (10 - ((3 - 0) + 0 + 5))).
38
-58 + 93 + 211 - 125
121
What is -14 + -15 + 20 + -9 + 1 + 44?
27
Calculate -18 - (123 + -127) - (2 - (46 + -2)).
28
What is the value of -77 - ((66 - 290) + 103)?
44
Calculate (153 + -266 - -47) + (0 - (-2 + -1)).
-63
(-4 - (15 + (33 - 21) + (-33 - 7))) + -8
1
-109 - -105 - ((-5 - 41) + 4)
38
What is the value of (-2 - 67) + -293 + 336?
-26
Evaluate (-186 - -182) + -35 + 0.
-39
Calculate (-11 - -14) + -3 + 0 + 15 + -9 + 4.
10
What is 43 + -26 + -50 + -1 + 10?
-24
(-108 - -109) + (-3 - -5 - 17) - 14
-28
39 + -123 + 51 + 70
37
Calculate 65 + -214 + 36 - -122.
9
Evaluate 10 + (25 - 52) - -17.
0
What is the value of 26 + 0 + (13 - -40 - 26) + -24?
29
What is the value of -39 - (-2 + (2 - (20 + 5)))?
-14
Calculate (7 - 5) + -8 + (25 + -2 - 10).
7
Calculate (-6 - 10) + 26 - (5 - -17) - -48.
36
What is (47 - -37) + -6 + 0?
78
Evaluate (31 - (1 + -1 + (-6 - 9 - -9))) + -5.
32
Evaluate -41 + 54 + (58 - 9).
62
What is (7 - (6 + 33)) + -26 + 40?
-18
What is -19 + (0 - -153) - (7 + 11 + -4)?
120
-6 + (-4 - -3) + -3 + 2 + 684 + -653
23
What is the value of 7 + -71 + (5 - -43)?
-16
-55 + 14 + (7 - -36)
2
Evaluate -62 - (-40 + 8) - -25.
-5
54 + -55 + 92 - 47
44
Evaluate -53 + (-5 - -2) - (-36 - ((6 - 39) + 7)).
-46
What is the value of 0 + (-5 - 5) + (5 - (16 - 0))?
-21
What is 20 - (-15 + (-14 - (26 - 9 - 29)))?
37
What is 70 - (-70 + 73 - (-7 - -12 - (0 - 